 are the prime factors of 8016?
2, 3, 167
List the prime factors of 3878.
2, 7, 277
List the prime factors of 480.
2, 3, 5
What are the prime factors of 12445?
5, 19, 131
What are the prime factors of 110545?
5, 22109
What are the prime factors of 83224?
2, 101, 103
List the prime factors of 3189.
3, 1063
List the prime factors of 131.
131
List the prime factors of 10186.
2, 11, 463
What are the prime factors of 20975?
5, 839
List the prime factors of 94969.
7, 13567
What are the prime factors of 8004?
2, 3, 23, 29
List the prime factors of 20143.
20143
List the prime factors of 7079.
7079
List the prime factors of 2314.
2, 13, 89
List the prime factors of 25903.
25903
What are the prime factors of 2040?
2, 3, 5, 17
List the prime factors of 10660.
2, 5, 13, 41
What are the prime factors of 7613?
23, 331
What are the prime factors of 7043?
7043
List the prime factors of 39030.
2, 3, 5, 1301
List the prime factors of 354.
2, 3, 59
List the prime factors of 6556.
2, 11, 149
List the prime factors of 15045.
3, 5, 17, 59
What are the prime factors of 79537?
79537
List the prime factors of 813.
3, 271
List the prime factors of 556.
2, 139
What are the prime factors of 19127?
31, 617
List the prime factors of 10492.
2, 43, 61
What are the prime factors of 67562?
2, 11, 37, 83
What are the prime factors of 5742?
2, 3, 11, 29
List the prime factors of 28587.
3, 13, 733
List the prime factors of 147021.
3, 7, 7001
What are the prime factors of 1897?
7, 271
What are the prime factors of 7339?
41, 179
List the prime factors of 30308.
2, 7577
What are the prime factors of 1482?
2, 3, 13, 19
What are the prime factors of 16442?
2, 8221
List the prime factors of 50396.
2, 43, 293
List the prime factors of 113911.
7, 16273
What are the prime factors of 26617?
43, 619
What are the prime factors of 4273?
4273
What are the prime factors of 15381?
3, 1709
List the prime factors of 36532.
2, 9133
List the prime factors of 755.
5, 151
List the prime factors of 2337.
3, 19, 41
List the prime factors of 3068.
2, 13, 59
What are the prime factors of 902?
2, 11, 41
What are the prime factors of 2808?
2, 3, 13
What are the prime factors of 1217?
1217
List the prime factors of 3835.
5, 13, 59
What are the prime factors of 39289?
101, 389
List the prime factors of 71225.
5, 7, 11, 37
What are the prime factors of 687?
3, 229
What are the prime factors of 2464?
2, 7, 11
What are the prime factors of 6795?
3, 5, 151
List the prime factors of 773.
773
What are the prime factors of 12010?
2, 5, 1201
List the prime factors of 295.
5, 59
What are the prime factors of 5519?
5519
What are the prime factors of 6540?
2, 3, 5, 109
What are the prime factors of 86914?
2, 43457
List the prime factors of 1999.
1999
What are the prime factors of 133991?
11, 13, 937
What are the prime factors of 923?
13, 71
List the prime factors of 25964.
2, 6491
List the prime factors of 14735.
5, 7, 421
What are the prime factors of 174119?
11, 1439
List the prime factors of 184.
2, 23
What are the prime factors of 2512?
2, 157
List the prime factors of 107242.
2, 29, 43
List the prime factors of 31043.
37, 839
List the prime factors of 98028.
2, 3, 7, 389
List the prime factors of 150802.
2, 75401
List the prime factors of 389.
389
What are the prime factors of 315?
3, 5, 7
List the prime factors of 15043.
7, 307
List the prime factors of 1729.
7, 13, 19
List the prime factors of 1303.
1303
What are the prime factors of 806?
2, 13, 31
List the prime factors of 7535.
5, 11, 137
List the prime factors of 1988.
2, 7, 71
What are the prime factors of 689?
13, 53
List the prime factors of 866.
2, 433
List the prime factors of 468.
2, 3, 13
What are the prime factors of 868?
2, 7, 31
What are the prime factors of 18865?
5, 7, 11
What are the prime factors of 269?
269
What are the prime factors of 3273?
3, 1091
What are the prime factors of 49873?
53, 941
List the prime factors of 3836.
2, 7, 137
What are the prime factors of 113?
113
What are the prime factors of 24793?
24793
List the prime factors of 46747.
46747
What are the prime factors of 17?
17
List the prime factors of 693.
3, 7, 11
What are the prime factors of 52469?
71, 739
List the prime factors of 4371.
3, 31, 47
What are the prime factors of 6169?
31, 199
What are the prime factors of 15682?
2, 7841
List the prime factors of 3486.
2, 3, 7, 83
What are the prime factors of 45998?
2, 109, 211
List the prime factors of 48413.
48413
List the prime factors of 45185.
5, 7, 1291
List the prime factors of 2330.
2, 5, 233
What are the prime factors of 5799?
3, 1933
List the prime factors of 36090.
2, 3, 5, 401
What are the prime factors of 411?
3, 137
List the prime factors of 308.
2, 7, 11
What are the prime factors of 467?
467
List the prime factors of 26975.
5, 13, 83
What are the prime factors of 4381?
13, 337
What are the prime factors of 5142?
2, 3, 857
What are the prime factors of 23837?
11, 197
What are the prime factors of 649?
11, 59
List the prime factors of 6495.
3, 5, 433
What are the prime factors of 98549?
11, 17, 31
What are the prime factors of 56123?
56123
List the prime factors of 15867.
3, 41, 43
List the prime factors of 7263.
3, 269
What are the prime factors of 7170?
2, 3, 5, 239
List the prime factors of 7116.
2, 3, 593
List the prime factors of 7388.
2, 1847
What are the prime factors of 19096?
2, 7, 11, 31
What are the prime factors of 3163?
3163
List the prime factors of 32242.
2, 7, 47
What are the prime factors of 2103?
3, 701
What are the prime factors of 6667?
59, 113
List the prime factors of 49897.
41, 1217
What are the prime factors of 4108?
2, 13, 79
List the prime factors of 20234.
2, 67, 151
What are the prime factors of 19259?
19259
List the prime factors of 562.
2, 281
What are the prime factors of 684?
2, 3, 19
What are the prime factors of 8216?
2, 13, 79
What are the prime factors of 2293?
2293
What are the prime factors of 7833?
3, 7, 373
What are the prime factors of 671?
11, 61
List the prime factors of 9896.
2, 1237
List the prime factors of 675.
3, 5
What are the prime factors of 1556?
2, 389
What are the prime factors of 3178?
2, 7, 227
What are the prime factors of 1752?
2, 3, 73
List the prime factors of 1207.
17, 71
List the prime factors of 8437.
11, 13, 59
What are the prime factors of 73679?
73679
List the prime factors of 4312.
2, 7, 11
List the prime factors of 36160.
2, 5, 113
What are the prime factors of 2336?
2, 73
What are the prime factors of 69023?
23, 3001
List the prime factors of 637.
7, 13
List the prime factors of 14495.
5, 13, 223
What are the prime factors of 5235?
3, 5, 349
What are the prime factors of 8238?
2, 3, 1373
List the prime factors of 5156.
2, 1289
List the prime factors of 441.
3, 7
List the prime factors of 1334.
2, 23, 29
List the prime factors of 51713.
51713
List the prime factors of 496.
2, 31
List the prime factors of 1239.
3, 7, 59
List the prime factors of 3546.
2, 3, 197
What are the prime factors of 226?
2, 113
List the prime factors of 357.
3, 7, 17
What are the prime factors of 9533?
9533
What are the prime factors of 21591?
3, 2399
What are the prime factors of 895?
5, 179
What are the prime factors of 9311?
9311
What are the prime factors of 37421?
23, 1627
What are the prime factors of 1707?
3, 569
List the prime factors of 606.
2, 3, 101
What are the prime factors of 129161?
53, 2437
What are the prime factors of 4782?
2, 3, 797
What are the prime factors of 7138?
2, 43, 83
List the prime factors of 5825.
5, 233
List the prime factors of 1471.
1471
List the prime factors of 58161.
3, 19387
What are the prime factors of 137972?
2, 17, 2029
What are the prime factors of 19777?
19777
What are the prime factors of 81018?
2, 3, 7, 643
List the prime factors of 636.
2, 3, 53
List the prime factors of 5980.
2, 5, 13, 23
List the prime factors of 55151.
131, 421
What are the prime factors of 10450?
2, 5, 11, 19
What are the prime factors of 1186?
2, 593
List the prime factors of 484.
2, 11
What are the prime factors of 7007?
7, 11, 13
What are the prime factors of 9643?
9643
What are the prime factors of 4257?
3, 11, 43
What are the prime factors of 21922?
2, 97, 113
List the prime factors of 138393.
3, 15377
What are the prime factors of 2671?
2671
List t